{"id":1019,"date":"2023-02-06T16:12:32","date_gmt":"2023-02-06T16:12:32","guid":{"rendered":"https:\/\/demonstracao.usinadotemplate.com.br\/sexstore\/?post_type=product&#038;p=1019"},"modified":"2023-03-02T16:05:55","modified_gmt":"2023-03-02T16:05:55","slug":"vibrador-golfinho","status":"publish","type":"product","link":"https:\/\/demonstracao.usinadotemplate.com.br\/sexstore\/produto\/vibrador-golfinho\/","title":{"rendered":"Vibrador golfinho"},"content":{"rendered":"<p>Vibrador Ponto G em forma de golfinho. Pequeno e discreto, pode ser levado na bolsa sem o menor inc\u00f4modo. Vibra\u00e7\u00e3o potente, te ajudando a chegar ao orgasmo com maior facilidade. Vers\u00e1til pode ser usado para estimular o ponto g ou para estimular o clit\u00f3ris. Possui toque aveludado, e de f\u00e1cil limpeza, incluso pilha.<br \/>\nMaterial :TPE e ABS.<\/p>\n","protected":false},"excerpt":{"rendered":"<p>Vibrador Ponto G em forma de golfinho. Pequeno e discreto, pode ser levado na bolsa sem o menor inc\u00f4modo. Vibra\u00e7\u00e3o potente, te ajudando a chegar ao orgasmo com maior facilidade. Vers\u00e1til pode ser usado para estimular o ponto g ou para estimular o clit\u00f3ris. Possui toque aveludado, e de f\u00e1cil limpeza, incluso pilha. Material :TPE [&hellip;]<\/p>\n","protected":false},"featured_media":1020,"comment_status":"open","ping_status":"closed","template":"","meta":{"_joinchat":[]},"pwb-brand":[],"product_brand":[],"product_cat":[15,16],"product_tag":[],"class_list":{"0":"post-1019","1":"product","2":"type-product","3":"status-publish","4":"has-post-thumbnail","6":"product_cat-mais-procurados","7":"product_cat-vibradores","9":"first","10":"instock","11":"shipping-taxable","12":"purchasable","13":"product-type-variable"},"brands":[],"_links":{"self":[{"href":"https:\/\/demonstracao.usinadotemplate.com.br\/sexstore\/wp-json\/wp\/v2\/product\/1019","targetHints":{"allow":["GET"]}}],"collection":[{"href":"https:\/\/demonstracao.usinadotemplate.com.br\/sexstore\/wp-json\/wp\/v2\/product"}],"about":[{"href":"https:\/\/demonstracao.usinadotemplate.com.br\/sexstore\/wp-json\/wp\/v2\/types\/product"}],"replies":[{"embeddable":true,"href":"https:\/\/demonstracao.usinadotemplate.com.br\/sexstore\/wp-json\/wp\/v2\/comments?post=1019"}],"wp:featuredmedia":[{"embeddable":true,"href":"https:\/\/demonstracao.usinadotemplate.com.br\/sexstore\/wp-json\/wp\/v2\/media\/1020"}],"wp:attachment":[{"href":"https:\/\/demonstracao.usinadotemplate.com.br\/sexstore\/wp-json\/wp\/v2\/media?parent=1019"}],"wp:term":[{"taxonomy":"pwb-brand","embeddable":true,"href":"https:\/\/demonstracao.usinadotemplate.com.br\/sexstore\/wp-json\/wp\/v2\/pwb-brand?post=1019"},{"taxonomy":"product_brand","embeddable":true,"href":"https:\/\/demonstracao.usinadotemplate.com.br\/sexstore\/wp-json\/wp\/v2\/product_brand?post=1019"},{"taxonomy":"product_cat","embeddable":true,"href":"https:\/\/demonstracao.usinadotemplate.com.br\/sexstore\/wp-json\/wp\/v2\/product_cat?post=1019"},{"taxonomy":"product_tag","embeddable":true,"href":"https:\/\/demonstracao.usinadotemplate.com.br\/sexstore\/wp-json\/wp\/v2\/product_tag?post=1019"}],"curies":[{"name":"wp","href":"https:\/\/api.w.org\/{rel}","templated":true}]}}