{"id":1331,"date":"2023-02-11T17:26:50","date_gmt":"2023-02-11T17:26:50","guid":{"rendered":"https:\/\/demonstracao.usinadotemplate.com.br\/sexstore\/?post_type=product&#038;p=1331"},"modified":"2023-02-11T17:41:48","modified_gmt":"2023-02-11T17:41:48","slug":"gel-profissional-para-massagem-tantrica-yoni-e-lingam-220-ml","status":"publish","type":"product","link":"https:\/\/demonstracao.usinadotemplate.com.br\/sexstore\/produto\/gel-profissional-para-massagem-tantrica-yoni-e-lingam-220-ml\/","title":{"rendered":"Gel Profissional para Massagem T\u00e2ntrica Yoni e Lingam &#8211; 220 ml"},"content":{"rendered":"<p><img decoding=\"async\" class=\"alignnone size-medium wp-image-1332\" src=\"https:\/\/demonstracao.usinadotemplate.com.br\/sexstore\/wp-content\/uploads\/2023\/02\/WhatsApp-Image-2023-02-11-at-14.15.11-30<em><\/em>0x292.jpeg&#8221; alt=&#8221;&#8221; width=&#8221;300&#8243; height=&#8221;292&#8243; \/><\/p>\n","protected":false},"excerpt":{"rendered":"<p>Tantra \u00e9 um gel lubrificante profissional utilizado na massagem t\u00e2ntrica, em especial para manobras Yoni e Lingam. Tantra \u00e9 vegano com origem natural sendo 100% vegetal. Embalagem biodegrad\u00e1vel torna Tantra um amigo da natureza. Testado dermatologicamente e livre de Propileno Glycol o torna totalmente seguro para seu corpo e sua sa\u00fade. Altamente deslizante proporciona conforto e bem-estar. Sai facilmente com \u00e1gua, tornando-o pr\u00e1tico e usual.<\/p>\n<p>Tantra promove as manobras Yoni e Lingam para casais livre de preconceitos, que gostam de descobrir e explorar um prazer mais profundo. As massagens podem ser realizadas com o casal juntos ou separados. Tantra \u00e9 um gel altamente lubrificante permitindo uma massagem com movimentos deslizantes provocando rea\u00e7\u00f5es inacredit\u00e1veis.<\/p>\n<p>A massagem t\u00e2ntrica \u00e9 uma modalidade de massagem que tem como objetivo redistribuir as energias sexuais do corpo, expandindo a sensibilidade e proporcionado viv\u00eancias mais intensas. O fundamento da massagem t\u00e2ntrica \u00e9 a bioenerg\u00e9tica, ci\u00eancia que acredita na capacidade de influenciar nossos estados emocionais atrav\u00e9s de um trabalho com o corpo. O Tantra \u00e9 uma filosofia, comportamental, de princ\u00edpios matriarcais, sensoriais e desrepressores. Suas medita\u00e7\u00f5es, pr\u00e1ticas e viv\u00eancias levam ao despertar e ascender a energia Kundalini, que \u00e9 a energia vital que d\u00e1 movimento \u00e0 vida e consequentemente todos os processos energ\u00e9ticos, emocionais, mentais e fisiol\u00f3gicos dos indiv\u00edduos.<\/p>\n<p>No tantra o p\u00eanis \u00e9 chamado de lingam. Lingam vem da linguagem de s\u00e2nscrito, espontaneamente traduzido significa \u201cvara de luz\u201d. Alguns analistas afirmam que o objetivo da massagem Lingam \u00e9 despertar a kundalini, uma energia relacionada \u00e0 ilumina\u00e7\u00e3o.<\/p>\n<p>Yoni \u00e9 a palavra Sanskrit para vagina. Os \u00f3rg\u00e3os sexuais desempenham um papel principal na sa\u00fade f\u00edsica, emocional e espiritual e quando os \u00f3rg\u00e3os sexuais est\u00e3o sujeitos aos bloqueios, as pessoas reduzem a pr\u00f3pria capacidade de criar e mover energia sexual. Yoni \u00e9 um tratamento a base de massagem na regi\u00e3o genital feminina que se concentra em liberar a tens\u00e3o da mulher.<\/p>\n<p>Tantra \u00e9 um gel profissional para massagem t\u00e2ntrica que busca refinar a sensibilidade, no intuito de expandir e intensificar a sensa\u00e7\u00e3o org\u00e1stica, encadeando diversos agrupamentos musculares na rea\u00e7\u00e3o bioel\u00e9trica do orgasmo. N\u00e3o s\u00f3 isso, alguns tipos dessa massagem tamb\u00e9m buscam tonificar e fortalecer os m\u00fasculos genitais de homens e mulheres, de modo a proporcionar uma maior sustenta\u00e7\u00e3o de bioenergia. As pr\u00e1ticas t\u00e2ntricas permitem ampliar a capacidade de libera\u00e7\u00e3o e de expans\u00e3o da energia, agregando, com a experi\u00eancia, um novo estado de percep\u00e7\u00e3o e consci\u00eancia. Use Tantra regularmente para poder desfrutar de uma deliciosa sensa\u00e7\u00e3o de euforia, prazer e relaxamento.<\/p>\n","protected":false},"featured_media":1332,"comment_status":"open","ping_status":"closed","template":"","meta":{"_joinchat":[]},"pwb-brand":[],"product_brand":[],"product_cat":[89],"product_tag":[97],"class_list":{"0":"post-1331","1":"product","2":"type-product","3":"status-publish","4":"has-post-thumbnail","6":"product_cat-oleo-para-massagem-sensual","7":"product_tag-massagem","9":"first","10":"instock","11":"shipping-taxable","12":"product-type-simple"},"brands":[],"_links":{"self":[{"href":"https:\/\/demonstracao.usinadotemplate.com.br\/sexstore\/wp-json\/wp\/v2\/product\/1331","targetHints":{"allow":["GET"]}}],"collection":[{"href":"https:\/\/demonstracao.usinadotemplate.com.br\/sexstore\/wp-json\/wp\/v2\/product"}],"about":[{"href":"https:\/\/demonstracao.usinadotemplate.com.br\/sexstore\/wp-json\/wp\/v2\/types\/product"}],"replies":[{"embeddable":true,"href":"https:\/\/demonstracao.usinadotemplate.com.br\/sexstore\/wp-json\/wp\/v2\/comments?post=1331"}],"wp:featuredmedia":[{"embeddable":true,"href":"https:\/\/demonstracao.usinadotemplate.com.br\/sexstore\/wp-json\/wp\/v2\/media\/1332"}],"wp:attachment":[{"href":"https:\/\/demonstracao.usinadotemplate.com.br\/sexstore\/wp-json\/wp\/v2\/media?parent=1331"}],"wp:term":[{"taxonomy":"pwb-brand","embeddable":true,"href":"https:\/\/demonstracao.usinadotemplate.com.br\/sexstore\/wp-json\/wp\/v2\/pwb-brand?post=1331"},{"taxonomy":"product_brand","embeddable":true,"href":"https:\/\/demonstracao.usinadotemplate.com.br\/sexstore\/wp-json\/wp\/v2\/product_brand?post=1331"},{"taxonomy":"product_cat","embeddable":true,"href":"https:\/\/demonstracao.usinadotemplate.com.br\/sexstore\/wp-json\/wp\/v2\/product_cat?post=1331"},{"taxonomy":"product_tag","embeddable":true,"href":"https:\/\/demonstracao.usinadotemplate.com.br\/sexstore\/wp-json\/wp\/v2\/product_tag?post=1331"}],"curies":[{"name":"wp","href":"https:\/\/api.w.org\/{rel}","templated":true}]}}