{"id":1338,"date":"2023-02-11T23:35:44","date_gmt":"2023-02-11T23:35:44","guid":{"rendered":"https:\/\/demonstracao.usinadotemplate.com.br\/sexstore\/?post_type=product&#038;p=1338"},"modified":"2023-02-12T20:15:44","modified_gmt":"2023-02-12T20:15:44","slug":"vela-para-massagem-sensual-tantra-bergamota-80g","status":"publish","type":"product","link":"https:\/\/demonstracao.usinadotemplate.com.br\/sexstore\/produto\/vela-para-massagem-sensual-tantra-bergamota-80g\/","title":{"rendered":"Vela para Massagem Sensual Tantra Bergamota &#8211; 80g"},"content":{"rendered":"<p>Vela sensual Tantra Bergamota \u00e9 ideal para uma massagem revigorante, estimulante, refrescante e arom\u00e1tica. \u00c9 um convite tentador para momentos de puro relaxamento e de cumplicidade. Bergamota atua como calmante e antidepressivo, combatendo e tratando a ansiedade, tens\u00e3o, nervosismo e ins\u00f4nia. Atua tamb\u00e9m como restauradora da liberdade de movimento e conforto emocional.<\/p>\n<p>A fragr\u00e2ncia Bergamota \u00e9 sensual, sedutora e atrativa deixando o ambiente muito mais prazeroso. Ap\u00f3s acesa por alguns instantes se transforma em um \u00f3leo hidratante e perfumado ideal para uma massagem a dois. Sua combust\u00e3o \u00e9 baixa e a temperatura atingida \u00e9 similar \u00e0 temperatura do nosso corpo. Descubra uma sensa\u00e7\u00e3o \u00fanica aplicando o \u00f3leo da vela diretamente na pele sem o risco de queima ou dano.<\/p>\n<p>As pr\u00e1ticas t\u00e2ntricas permitem ampliar a capacidade de libera\u00e7\u00e3o e de expans\u00e3o da energia, agregando, com a experi\u00eancia, um novo estado de percep\u00e7\u00e3o e consci\u00eancia. O tapa olho especial que acompanha a vela Tantra Bergomota inspira o segredo, o duvidoso e o desconhecido. A ideia de ter a vis\u00e3o bloqueada para muitos \u00e9 a mais deliciosa sensa\u00e7\u00e3o de intimidade e prazer.<\/p>\n<p>Acompanha tamb\u00e9m manual que vai te ensinar desde a prepara\u00e7\u00e3o do ambiente at\u00e9 como fazer sua massagem sensual com sua vela Tantra Bergamota. Use a vela sensual de Bergamota regularmente para poder desfrutar de uma deliciosa sensa\u00e7\u00e3o de bem-estar, deixando sua pele hidratada e levemente perfumada de uma forma muito mais criativa, sensual e gostosa.<\/p>\n","protected":false},"excerpt":{"rendered":"<p>Vela sensual Tantra Bergamota \u00e9 ideal para uma massagem revigorante, estimulante, refrescante e arom\u00e1tica. \u00c9 um convite tentador para momentos de puro relaxamento e de cumplicidade. Bergamota atua como calmante e antidepressivo, combatendo e tratando a ansiedade, tens\u00e3o, nervosismo e ins\u00f4nia. Atua tamb\u00e9m como restauradora da liberdade de movimento e conforto emocional. A fragr\u00e2ncia Bergamota [&hellip;]<\/p>\n","protected":false},"featured_media":1344,"comment_status":"open","ping_status":"closed","template":"","meta":{"_joinchat":[]},"pwb-brand":[],"product_brand":[],"product_cat":[64],"product_tag":[101,100],"class_list":{"0":"post-1338","1":"product","2":"type-product","3":"status-publish","4":"has-post-thumbnail","6":"product_cat-velas","7":"product_tag-vela","8":"product_tag-vibrador-de-controle","10":"first","11":"instock","12":"shipping-taxable","13":"purchasable","14":"product-type-simple"},"brands":[],"_links":{"self":[{"href":"https:\/\/demonstracao.usinadotemplate.com.br\/sexstore\/wp-json\/wp\/v2\/product\/1338","targetHints":{"allow":["GET"]}}],"collection":[{"href":"https:\/\/demonstracao.usinadotemplate.com.br\/sexstore\/wp-json\/wp\/v2\/product"}],"about":[{"href":"https:\/\/demonstracao.usinadotemplate.com.br\/sexstore\/wp-json\/wp\/v2\/types\/product"}],"replies":[{"embeddable":true,"href":"https:\/\/demonstracao.usinadotemplate.com.br\/sexstore\/wp-json\/wp\/v2\/comments?post=1338"}],"wp:featuredmedia":[{"embeddable":true,"href":"https:\/\/demonstracao.usinadotemplate.com.br\/sexstore\/wp-json\/wp\/v2\/media\/1344"}],"wp:attachment":[{"href":"https:\/\/demonstracao.usinadotemplate.com.br\/sexstore\/wp-json\/wp\/v2\/media?parent=1338"}],"wp:term":[{"taxonomy":"pwb-brand","embeddable":true,"href":"https:\/\/demonstracao.usinadotemplate.com.br\/sexstore\/wp-json\/wp\/v2\/pwb-brand?post=1338"},{"taxonomy":"product_brand","embeddable":true,"href":"https:\/\/demonstracao.usinadotemplate.com.br\/sexstore\/wp-json\/wp\/v2\/product_brand?post=1338"},{"taxonomy":"product_cat","embeddable":true,"href":"https:\/\/demonstracao.usinadotemplate.com.br\/sexstore\/wp-json\/wp\/v2\/product_cat?post=1338"},{"taxonomy":"product_tag","embeddable":true,"href":"https:\/\/demonstracao.usinadotemplate.com.br\/sexstore\/wp-json\/wp\/v2\/product_tag?post=1338"}],"curies":[{"name":"wp","href":"https:\/\/api.w.org\/{rel}","templated":true}]}}