{"id":1363,"date":"2023-02-12T00:22:16","date_gmt":"2023-02-12T00:22:16","guid":{"rendered":"https:\/\/demonstracao.usinadotemplate.com.br\/sexstore\/?post_type=product&#038;p=1363"},"modified":"2023-02-12T00:22:17","modified_gmt":"2023-02-12T00:22:17","slug":"oleo-para-massagem-sensual-tantra-bergamota-200m","status":"publish","type":"product","link":"https:\/\/demonstracao.usinadotemplate.com.br\/sexstore\/produto\/oleo-para-massagem-sensual-tantra-bergamota-200m\/","title":{"rendered":"\u00d3leo para Massagem Sensual Tantra Bergamota &#8211; 200m"},"content":{"rendered":"<p>\u00d3leo Tantra para massagem sensual com carinho cheio de inten\u00e7\u00f5es e vontades, com textura brilhante que cria um clima de romance e envolvimento. Produto de origem vegetal 100% natural com aroma de Bergamota. O Saquinho de juta que acompanha o \u00f3leo deixa o produto com ar puro de natureza. Possui costura overlocada que evita com que o saquinho rasgue nas laterais. Sem falar que visualmente a embalagem remete ao r\u00fastico e natural. <\/p>\n<p>A massagem t\u00e2ntrica busca refinar a sensibilidade, no intuito de expandir e intensificar a sensa\u00e7\u00e3o org\u00e1stica, encadeando diversos agrupamentos musculares na rea\u00e7\u00e3o bioel\u00e9trica do orgasmo. N\u00e3o s\u00f3 isso, alguns tipos dessa massagem tamb\u00e9m buscam tonificar e fortalecer os m\u00fasculos genitais de homens e mulheres, a fim de proporcionar uma maior sustenta\u00e7\u00e3o de bioenergia.<\/p>\n<p>As pr\u00e1ticas t\u00e2ntricas permitem ampliar a capacidade de libera\u00e7\u00e3o e de expans\u00e3o da energia, agregando, com a experi\u00eancia, um novo estado de percep\u00e7\u00e3o e consci\u00eancia. Use o \u00f3leo Tantra regularmente para poder desfrutar de uma deliciosa sensa\u00e7\u00e3o de euforia. O aroma natural de Bergamota desperta o desejo energ\u00e9tico que aproxima os casais.<\/p>\n","protected":false},"excerpt":{"rendered":"<p>\u00d3leo Tantra para massagem sensual com carinho cheio de inten\u00e7\u00f5es e vontades, com textura brilhante que cria um clima de romance e envolvimento. Produto de origem vegetal 100% natural com aroma de Bergamota. O Saquinho de juta que acompanha o \u00f3leo deixa o produto com ar puro de natureza. Possui costura overlocada que evita com [&hellip;]<\/p>\n","protected":false},"featured_media":1364,"comment_status":"open","ping_status":"closed","template":"","meta":{"_joinchat":[]},"pwb-brand":[],"product_brand":[],"product_cat":[89],"product_tag":[97],"class_list":{"0":"post-1363","1":"product","2":"type-product","3":"status-publish","4":"has-post-thumbnail","6":"product_cat-oleo-para-massagem-sensual","7":"product_tag-massagem","9":"first","10":"instock","11":"shipping-taxable","12":"purchasable","13":"product-type-simple"},"brands":[],"_links":{"self":[{"href":"https:\/\/demonstracao.usinadotemplate.com.br\/sexstore\/wp-json\/wp\/v2\/product\/1363","targetHints":{"allow":["GET"]}}],"collection":[{"href":"https:\/\/demonstracao.usinadotemplate.com.br\/sexstore\/wp-json\/wp\/v2\/product"}],"about":[{"href":"https:\/\/demonstracao.usinadotemplate.com.br\/sexstore\/wp-json\/wp\/v2\/types\/product"}],"replies":[{"embeddable":true,"href":"https:\/\/demonstracao.usinadotemplate.com.br\/sexstore\/wp-json\/wp\/v2\/comments?post=1363"}],"wp:featuredmedia":[{"embeddable":true,"href":"https:\/\/demonstracao.usinadotemplate.com.br\/sexstore\/wp-json\/wp\/v2\/media\/1364"}],"wp:attachment":[{"href":"https:\/\/demonstracao.usinadotemplate.com.br\/sexstore\/wp-json\/wp\/v2\/media?parent=1363"}],"wp:term":[{"taxonomy":"pwb-brand","embeddable":true,"href":"https:\/\/demonstracao.usinadotemplate.com.br\/sexstore\/wp-json\/wp\/v2\/pwb-brand?post=1363"},{"taxonomy":"product_brand","embeddable":true,"href":"https:\/\/demonstracao.usinadotemplate.com.br\/sexstore\/wp-json\/wp\/v2\/product_brand?post=1363"},{"taxonomy":"product_cat","embeddable":true,"href":"https:\/\/demonstracao.usinadotemplate.com.br\/sexstore\/wp-json\/wp\/v2\/product_cat?post=1363"},{"taxonomy":"product_tag","embeddable":true,"href":"https:\/\/demonstracao.usinadotemplate.com.br\/sexstore\/wp-json\/wp\/v2\/product_tag?post=1363"}],"curies":[{"name":"wp","href":"https:\/\/api.w.org\/{rel}","templated":true}]}}