{"id":1386,"date":"2023-02-12T19:22:33","date_gmt":"2023-02-12T19:22:33","guid":{"rendered":"https:\/\/demonstracao.usinadotemplate.com.br\/sexstore\/?post_type=product&#038;p=1386"},"modified":"2023-02-12T19:22:33","modified_gmt":"2023-02-12T19:22:33","slug":"volumao","status":"publish","type":"product","link":"https:\/\/demonstracao.usinadotemplate.com.br\/sexstore\/produto\/volumao\/","title":{"rendered":"Volum\u00e3o"},"content":{"rendered":"<p>Volum\u00e3o Intensificador 25g Hot Flowers \u00e9 um gel lubrificante, que vai auxiliar e muito em sua vida sexual. O gel cont\u00e9m Ginseng e extrato de Damiana, que s\u00e3o afrodis\u00edacos para o homem e contribuem para provocar a ere\u00e7\u00e3o do p\u00eanis e causar uma sensa\u00e7\u00e3o de incha\u00e7o.<\/p>\n<p>O que \u00e9? \u00c9 um gel lubrificante<br \/>\nPara que serve? Provocar e enrijecer a ere\u00e7\u00e3o, al\u00e9m de causar a sensa\u00e7\u00e3o de incha\u00e7o no p\u00eanis<br \/>\nQual o diferencial? Aumenta a sensibilidade e deixa o ato sexual bem mais prazeroso<br \/>\nComo usar? Somente aplicar diretamente no p\u00eanis enquanto ele estiver fl\u00e1cido, massagear at\u00e9 ficar ereto e esperar secar antes de praticar o ato sexual<br \/>\nO que evitar? N\u00e3o colocar diretamente na boca e nem passar nos olhos. Caso tenha contato com os olhos, lavar com muita \u00e1gua<br \/>\nQuantidade: 1<br \/>\nVolume: 25g<br \/>\nFabricante: Hot Flowers<\/p>\n","protected":false},"excerpt":{"rendered":"<p>Volum\u00e3o Intensificador 25g Hot Flowers \u00e9 um gel lubrificante, que vai auxiliar e muito em sua vida sexual. O gel cont\u00e9m Ginseng e extrato de Damiana, que s\u00e3o afrodis\u00edacos para o homem e contribuem para provocar a ere\u00e7\u00e3o do p\u00eanis e causar uma sensa\u00e7\u00e3o de incha\u00e7o. O que \u00e9? \u00c9 um gel lubrificante Para que [&hellip;]<\/p>\n","protected":false},"featured_media":1387,"comment_status":"open","ping_status":"closed","template":"","meta":{"_joinchat":[]},"pwb-brand":[],"product_brand":[],"product_cat":[60],"product_tag":[108],"class_list":{"0":"post-1386","1":"product","2":"type-product","3":"status-publish","4":"has-post-thumbnail","6":"product_cat-excitante-masculino","7":"product_tag-homem","9":"first","10":"instock","11":"shipping-taxable","12":"purchasable","13":"product-type-simple"},"brands":[],"_links":{"self":[{"href":"https:\/\/demonstracao.usinadotemplate.com.br\/sexstore\/wp-json\/wp\/v2\/product\/1386","targetHints":{"allow":["GET"]}}],"collection":[{"href":"https:\/\/demonstracao.usinadotemplate.com.br\/sexstore\/wp-json\/wp\/v2\/product"}],"about":[{"href":"https:\/\/demonstracao.usinadotemplate.com.br\/sexstore\/wp-json\/wp\/v2\/types\/product"}],"replies":[{"embeddable":true,"href":"https:\/\/demonstracao.usinadotemplate.com.br\/sexstore\/wp-json\/wp\/v2\/comments?post=1386"}],"wp:featuredmedia":[{"embeddable":true,"href":"https:\/\/demonstracao.usinadotemplate.com.br\/sexstore\/wp-json\/wp\/v2\/media\/1387"}],"wp:attachment":[{"href":"https:\/\/demonstracao.usinadotemplate.com.br\/sexstore\/wp-json\/wp\/v2\/media?parent=1386"}],"wp:term":[{"taxonomy":"pwb-brand","embeddable":true,"href":"https:\/\/demonstracao.usinadotemplate.com.br\/sexstore\/wp-json\/wp\/v2\/pwb-brand?post=1386"},{"taxonomy":"product_brand","embeddable":true,"href":"https:\/\/demonstracao.usinadotemplate.com.br\/sexstore\/wp-json\/wp\/v2\/product_brand?post=1386"},{"taxonomy":"product_cat","embeddable":true,"href":"https:\/\/demonstracao.usinadotemplate.com.br\/sexstore\/wp-json\/wp\/v2\/product_cat?post=1386"},{"taxonomy":"product_tag","embeddable":true,"href":"https:\/\/demonstracao.usinadotemplate.com.br\/sexstore\/wp-json\/wp\/v2\/product_tag?post=1386"}],"curies":[{"name":"wp","href":"https:\/\/api.w.org\/{rel}","templated":true}]}}