{"id":1419,"date":"2023-02-12T20:22:55","date_gmt":"2023-02-12T20:22:55","guid":{"rendered":"https:\/\/demonstracao.usinadotemplate.com.br\/sexstore\/?post_type=product&#038;p=1419"},"modified":"2023-02-12T20:22:55","modified_gmt":"2023-02-12T20:22:55","slug":"oleo-para-massagem-beijavel-funcao-hot-sentidos-morango-30-ml","status":"publish","type":"product","link":"https:\/\/demonstracao.usinadotemplate.com.br\/sexstore\/produto\/oleo-para-massagem-beijavel-funcao-hot-sentidos-morango-30-ml\/","title":{"rendered":"\u00d3leo para Massagem Beij\u00e1vel Fun\u00e7\u00e3o Hot Sentidos Morango &#8211; 30 ml"},"content":{"rendered":"<p>O significado de sentir \u00e9 experimentar, experienciar, vivenciar, viver, gozar. Viva tudo isso de forma intensa e com um sabor muito especial com o novo \u00f3leo beij\u00e1vel Sentidos sabor morango. Deliciosamente provocante e instigante, o \u00f3leo Sentidos estimula seus desejos e aflora sua sexualidade. Irresistivelmente provocante, o sexo oral ou uma massagem sensual com o \u00f3leo Sentidos morango ganha um &#8220;novo sentido&#8221;, muito mais saboroso e com muito mais paix\u00e3o.<\/p>\n<p>Sentidos morango vai muito al\u00e9m do previs\u00edvel, ir\u00e1 ampliar seus horizontes te libertando e dando mais entusiasmo \u00e0 sua rela\u00e7\u00e3o. O segredo de uma vida sexual saud\u00e1vel est\u00e1 na capacidade de inventar e reinventar sempre. Saboreie sem modera\u00e7\u00e3o o gostinho irresist\u00edvel de morango. Surpreenda sua parceria com muita criatividade e fa\u00e7a o convite para experimentar algo novo e envolvente. A intimidade abre portas para usufruir de um ato sexual com mais cumplicidade e proximidade.<\/p>\n<p>Use sua imagina\u00e7\u00e3o para novas sensa\u00e7\u00f5es, agu\u00e7ando seu lado sensorial ao extremo. D\u00ea mais vida ao seu relacionamento e converta o sexo oral a dois em um momento realmente m\u00e1gico. Sentidos morango \u00e9 a representatividade do prazer e criatividade, onde voc\u00ea ser\u00e1 capaz de desenhar novas cenas de sedu\u00e7\u00e3o. Promovendo uma massagem a dois envolvente seguida de muito carinho, beijos e lambidas cheias de inten\u00e7\u00f5es.<\/p>\n<p>V\u00e1 muito al\u00e9m com Sentidos morango explorando seu poder t\u00e9rmico, o calor dos corpos ser\u00e1 inflamado pela fun\u00e7\u00e3o hot que vai aquecer n\u00e3o s\u00f3 o momento, mas sua rela\u00e7\u00e3o de uma forma \u00fanica. O sexo oral \u00e9 realmente maravilhoso, com a fun\u00e7\u00e3o hot beij\u00e1vel passa a ser maravilhosamente saboroso.<\/p>\n<p>Sentidos morango \u00e9 um \u00f3leo beij\u00e1vel que convida casais a resgatarem sua intimidade e a proximidade com muito mais cumplicidade. O gostinho de morango \u00e9 tentador, excitante e muito envolvente. Sentidos \u00e9 para voc\u00ea beijar, abra\u00e7ar, curtir e provocar seus sentidos.<\/p>\n<p>ESPECIFICA\u00c7\u00c3O DO PRODUTO<\/p>\n<p>Sentidos, para casais que buscam vivenciar algo novo no relacionamento;<br \/>\n\u00d3leo beij\u00e1vel sabor morango;<br \/>\nFun\u00e7\u00e3o hot, para aquecer sua rela\u00e7\u00e3o;<br \/>\nMais criatividade para sua massagem sensual;<br \/>\nPara um sexo oral com muito mais sabor;<br \/>\nSentidos, agu\u00e7a sua criatividade e \u00e9 libertador;<br \/>\nPr\u00e1tica tampa flip top, para uso simples e usual;<br \/>\nSentidos, irresistivelmente provocante;<br \/>\nUso unissex.<\/p>\n","protected":false},"excerpt":{"rendered":"<p>O significado de sentir \u00e9 experimentar, experienciar, vivenciar, viver, gozar. Viva tudo isso de forma intensa e com um sabor muito especial com o novo \u00f3leo beij\u00e1vel Sentidos sabor morango. Deliciosamente provocante e instigante, o \u00f3leo Sentidos estimula seus desejos e aflora sua sexualidade. Irresistivelmente provocante, o sexo oral ou uma massagem sensual com o [&hellip;]<\/p>\n","protected":false},"featured_media":1379,"comment_status":"open","ping_status":"closed","template":"","meta":{"_joinchat":[]},"pwb-brand":[],"product_brand":[],"product_cat":[89],"product_tag":[97],"class_list":{"0":"post-1419","1":"product","2":"type-product","3":"status-publish","4":"has-post-thumbnail","6":"product_cat-oleo-para-massagem-sensual","7":"product_tag-massagem","9":"first","10":"instock","11":"shipping-taxable","12":"purchasable","13":"product-type-simple"},"brands":[],"_links":{"self":[{"href":"https:\/\/demonstracao.usinadotemplate.com.br\/sexstore\/wp-json\/wp\/v2\/product\/1419","targetHints":{"allow":["GET"]}}],"collection":[{"href":"https:\/\/demonstracao.usinadotemplate.com.br\/sexstore\/wp-json\/wp\/v2\/product"}],"about":[{"href":"https:\/\/demonstracao.usinadotemplate.com.br\/sexstore\/wp-json\/wp\/v2\/types\/product"}],"replies":[{"embeddable":true,"href":"https:\/\/demonstracao.usinadotemplate.com.br\/sexstore\/wp-json\/wp\/v2\/comments?post=1419"}],"wp:featuredmedia":[{"embeddable":true,"href":"https:\/\/demonstracao.usinadotemplate.com.br\/sexstore\/wp-json\/wp\/v2\/media\/1379"}],"wp:attachment":[{"href":"https:\/\/demonstracao.usinadotemplate.com.br\/sexstore\/wp-json\/wp\/v2\/media?parent=1419"}],"wp:term":[{"taxonomy":"pwb-brand","embeddable":true,"href":"https:\/\/demonstracao.usinadotemplate.com.br\/sexstore\/wp-json\/wp\/v2\/pwb-brand?post=1419"},{"taxonomy":"product_brand","embeddable":true,"href":"https:\/\/demonstracao.usinadotemplate.com.br\/sexstore\/wp-json\/wp\/v2\/product_brand?post=1419"},{"taxonomy":"product_cat","embeddable":true,"href":"https:\/\/demonstracao.usinadotemplate.com.br\/sexstore\/wp-json\/wp\/v2\/product_cat?post=1419"},{"taxonomy":"product_tag","embeddable":true,"href":"https:\/\/demonstracao.usinadotemplate.com.br\/sexstore\/wp-json\/wp\/v2\/product_tag?post=1419"}],"curies":[{"name":"wp","href":"https:\/\/api.w.org\/{rel}","templated":true}]}}