{"id":1432,"date":"2023-02-12T20:51:09","date_gmt":"2023-02-12T20:51:09","guid":{"rendered":"https:\/\/demonstracao.usinadotemplate.com.br\/sexstore\/?post_type=product&#038;p=1432"},"modified":"2023-02-12T20:51:09","modified_gmt":"2023-02-12T20:51:09","slug":"d4-lubrificante-neutro-150g-sexy-fantasy","status":"publish","type":"product","link":"https:\/\/demonstracao.usinadotemplate.com.br\/sexstore\/produto\/d4-lubrificante-neutro-150g-sexy-fantasy\/","title":{"rendered":"D4 Lubrificante Neutro 150G Sexy Fantasy"},"content":{"rendered":"<p>O Lubrificante Neutro D4 da Sexy Fantasy possui ativos e ingredientes que atuam diretamente na sa\u00fade. Devido ao seu efeito deslizante, ele proporciona mais conforto. Al\u00e9m disso, sua formula\u00e7\u00e3o ser a base d\u2019\u00e1gua facilita bastante na hora da retirada do produto, acabando com o terr\u00edvel aspecto gosmento!<\/p>\n","protected":false},"excerpt":{"rendered":"<p>O Lubrificante Neutro D4 da Sexy Fantasy possui ativos e ingredientes que atuam diretamente na sa\u00fade. Devido ao seu efeito deslizante, ele proporciona mais conforto. Al\u00e9m disso, sua formula\u00e7\u00e3o ser a base d\u2019\u00e1gua facilita bastante na hora da retirada do produto, acabando com o terr\u00edvel aspecto gosmento!<\/p>\n","protected":false},"featured_media":1435,"comment_status":"open","ping_status":"closed","template":"","meta":{"_joinchat":[]},"pwb-brand":[],"product_brand":[],"product_cat":[55],"product_tag":[117],"class_list":{"0":"post-1432","1":"product","2":"type-product","3":"status-publish","4":"has-post-thumbnail","6":"product_cat-lubrificantes","7":"product_tag-neutro","9":"first","10":"instock","11":"shipping-taxable","12":"purchasable","13":"product-type-simple"},"brands":[],"_links":{"self":[{"href":"https:\/\/demonstracao.usinadotemplate.com.br\/sexstore\/wp-json\/wp\/v2\/product\/1432","targetHints":{"allow":["GET"]}}],"collection":[{"href":"https:\/\/demonstracao.usinadotemplate.com.br\/sexstore\/wp-json\/wp\/v2\/product"}],"about":[{"href":"https:\/\/demonstracao.usinadotemplate.com.br\/sexstore\/wp-json\/wp\/v2\/types\/product"}],"replies":[{"embeddable":true,"href":"https:\/\/demonstracao.usinadotemplate.com.br\/sexstore\/wp-json\/wp\/v2\/comments?post=1432"}],"wp:featuredmedia":[{"embeddable":true,"href":"https:\/\/demonstracao.usinadotemplate.com.br\/sexstore\/wp-json\/wp\/v2\/media\/1435"}],"wp:attachment":[{"href":"https:\/\/demonstracao.usinadotemplate.com.br\/sexstore\/wp-json\/wp\/v2\/media?parent=1432"}],"wp:term":[{"taxonomy":"pwb-brand","embeddable":true,"href":"https:\/\/demonstracao.usinadotemplate.com.br\/sexstore\/wp-json\/wp\/v2\/pwb-brand?post=1432"},{"taxonomy":"product_brand","embeddable":true,"href":"https:\/\/demonstracao.usinadotemplate.com.br\/sexstore\/wp-json\/wp\/v2\/product_brand?post=1432"},{"taxonomy":"product_cat","embeddable":true,"href":"https:\/\/demonstracao.usinadotemplate.com.br\/sexstore\/wp-json\/wp\/v2\/product_cat?post=1432"},{"taxonomy":"product_tag","embeddable":true,"href":"https:\/\/demonstracao.usinadotemplate.com.br\/sexstore\/wp-json\/wp\/v2\/product_tag?post=1432"}],"curies":[{"name":"wp","href":"https:\/\/api.w.org\/{rel}","templated":true}]}}