{"id":921,"date":"2023-02-06T14:58:23","date_gmt":"2023-02-06T14:58:23","guid":{"rendered":"https:\/\/demonstracao.usinadotemplate.com.br\/sexstore\/?post_type=product&#038;p=921"},"modified":"2023-02-11T15:31:15","modified_gmt":"2023-02-11T15:31:15","slug":"vibrador-succao","status":"publish","type":"product","link":"https:\/\/demonstracao.usinadotemplate.com.br\/sexstore\/produto\/vibrador-succao\/","title":{"rendered":"Vibrador suc\u00e7\u00e3o"},"content":{"rendered":"<p>Estimulador de clit\u00f3ris e de mamilos Recarreg\u00e1vel<br \/>\ncom fun\u00e7\u00e3o de Pulsa\u00e7\u00e3o em formato de Cavalo<br \/>\nmarinho. Possui 10 modos de pulsa\u00e7\u00e3o, ideal para<br \/>\nmassagear e estimular, clit\u00f3ris, seios e aliviar a<br \/>\ntens\u00e3o. Possui textura macia, para um maior<br \/>\nestimulo e prazer durante seu uso. Utiliza a<br \/>\nPulsa\u00e7\u00e3o como forma de est\u00edmulo, fazendo voc\u00ea<br \/>\nsentir novas sensa\u00e7\u00f5es!<br \/>\nMedidas:<br \/>\n9,9 \u00d7 3,5x 2,1cm (medidas aproximadas)<br \/>\nMaterial:<br \/>\nSilicone+ABS<\/p>\n","protected":false},"excerpt":{"rendered":"<p>Estimulador de clit\u00f3ris e de mamilos Recarreg\u00e1vel com fun\u00e7\u00e3o de Pulsa\u00e7\u00e3o em formato de Cavalo marinho. Possui 10 modos de pulsa\u00e7\u00e3o, ideal para massagear e estimular, clit\u00f3ris, seios e aliviar a tens\u00e3o. Possui textura macia, para um maior estimulo e prazer durante seu uso. Utiliza a Pulsa\u00e7\u00e3o como forma de est\u00edmulo, fazendo voc\u00ea sentir novas [&hellip;]<\/p>\n","protected":false},"featured_media":922,"comment_status":"open","ping_status":"closed","template":"","meta":{"_joinchat":[]},"pwb-brand":[],"product_brand":[],"product_cat":[73,16],"product_tag":[],"class_list":{"0":"post-921","1":"product","2":"type-product","3":"status-publish","4":"has-post-thumbnail","6":"product_cat-sugador-de-clitoris","7":"product_cat-vibradores","9":"first","10":"instock","11":"shipping-taxable","12":"purchasable","13":"product-type-simple"},"brands":[],"_links":{"self":[{"href":"https:\/\/demonstracao.usinadotemplate.com.br\/sexstore\/wp-json\/wp\/v2\/product\/921","targetHints":{"allow":["GET"]}}],"collection":[{"href":"https:\/\/demonstracao.usinadotemplate.com.br\/sexstore\/wp-json\/wp\/v2\/product"}],"about":[{"href":"https:\/\/demonstracao.usinadotemplate.com.br\/sexstore\/wp-json\/wp\/v2\/types\/product"}],"replies":[{"embeddable":true,"href":"https:\/\/demonstracao.usinadotemplate.com.br\/sexstore\/wp-json\/wp\/v2\/comments?post=921"}],"wp:featuredmedia":[{"embeddable":true,"href":"https:\/\/demonstracao.usinadotemplate.com.br\/sexstore\/wp-json\/wp\/v2\/media\/922"}],"wp:attachment":[{"href":"https:\/\/demonstracao.usinadotemplate.com.br\/sexstore\/wp-json\/wp\/v2\/media?parent=921"}],"wp:term":[{"taxonomy":"pwb-brand","embeddable":true,"href":"https:\/\/demonstracao.usinadotemplate.com.br\/sexstore\/wp-json\/wp\/v2\/pwb-brand?post=921"},{"taxonomy":"product_brand","embeddable":true,"href":"https:\/\/demonstracao.usinadotemplate.com.br\/sexstore\/wp-json\/wp\/v2\/product_brand?post=921"},{"taxonomy":"product_cat","embeddable":true,"href":"https:\/\/demonstracao.usinadotemplate.com.br\/sexstore\/wp-json\/wp\/v2\/product_cat?post=921"},{"taxonomy":"product_tag","embeddable":true,"href":"https:\/\/demonstracao.usinadotemplate.com.br\/sexstore\/wp-json\/wp\/v2\/product_tag?post=921"}],"curies":[{"name":"wp","href":"https:\/\/api.w.org\/{rel}","templated":true}]}}